{"id":281,"date":"2017-01-09T01:22:06","date_gmt":"2017-01-09T00:22:06","guid":{"rendered":"http:\/\/www.cittasolidale.net\/wp4\/?page_id=281"},"modified":"2023-09-07T12:14:27","modified_gmt":"2023-09-07T10:14:27","slug":"chi-siamo","status":"publish","type":"page","link":"https:\/\/www.cittasolidale.net\/wp4\/cooperativa\/chi-siamo\/","title":{"rendered":"Chi siamo"},"content":{"rendered":"<p align=\"left\"><img loading=\"lazy\" decoding=\"async\" class=\"alignleft wp-image-2 size-full\" style=\"float: left; margin: 5px; width: 180px; height: 136px;\" title=\"casfam1.jpg\" src=\"http:\/\/www.cittasolidale.net\/wp4\/wp-content\/uploads\/2008\/08\/casfam1.jpg\" alt=\"casfam1.jpg\" width=\"180\" height=\"136\" border=\"0\" \/><span style=\"font-size: 12pt; font-family: tahoma,arial,helvetica,sans-serif;\">Citt\u00e0 Solidale \u00e8 una cooperativa sociale che, ai sensi dell\u2019art.1 della Legge 381\/91, persegue l\u2019interesse generale della collettivit\u00e0 attraverso l&#8217;erogazione di servizi sociosanitari e socio-assistenziali di qualit\u00e0 alle persone con disabilit\u00e0 e alle persone anziane, servizi finalizzati al benessere psicofisico, alla riabilitazione e, quando possibile, all&#8217;inserimento sociale e lavorativo. Citt\u00e0 Solidale, costituita nel 2000, ha al suo attivo un&#8217;ulteriore esperienza ventennale pregressa nei medesimi settori di intervento.<\/span><\/p>\n<p align=\"left\"><span style=\"font-size: 12pt; font-family: tahoma,arial,helvetica,sans-serif;\"><img loading=\"lazy\" decoding=\"async\" class=\"size-full wp-image-3 alignright\" title=\"carlalb1.jpg\" src=\"http:\/\/www.cittasolidale.net\/wp4\/wp-content\/uploads\/2008\/08\/carlalb1.jpg\" alt=\"carlalb1.jpg\" width=\"180\" height=\"136\" border=\"0\" \/><\/span><\/p>\n<p align=\"left\"><span style=\"font-size: 12pt; font-family: tahoma,arial,helvetica,sans-serif;\">Citt\u00e0 Solidale accoglie nelle sue 7 belle Comunit\u00e0 Residenziali n. 62 disabili e n. 24 persone anziane, oltre a n. 3 persone nel Centro Diurno, per un totale di 89 assistiti.<br \/>\n<\/span><span style=\"font-size: 12pt; font-family: tahoma,arial,helvetica,sans-serif;\">L\u2019impegno quotidiano per la salute e l\u2019inclusione di queste persone, per la tutela dei loro diritti e contro lo stigma, viene portato avanti da oltre 100 operatori (psichiatri, psicologi, infermieri, terapisti, assistenti sociali, educatori professionali, maestri di svariate discipline, operatori socio-sanitari e altro personale generico e amministrativo).<\/span><\/p>\n<p align=\"left\"><span style=\"font-size: 12pt; font-family: tahoma,arial,helvetica,sans-serif;\"><img loading=\"lazy\" decoding=\"async\" class=\" alignleft size-full wp-image-4\" title=\"casfam3.jpg\" src=\"http:\/\/www.cittasolidale.net\/wp4\/wp-content\/uploads\/2008\/08\/casfam3.jpg\" alt=\"casfam3.jpg\" width=\"187\" height=\"140\" border=\"0\" \/>Le comunit\u00e0 residenziali posseggono le autorizzazioni e i requisiti strutturali e organizzativi prescritti dalle leggi vigenti, sono esteticamente belle, curate e confortevoli e danno la sensazione a chi vi abita di sentirsi a casa propria. Il segreto del successo\u00a0di Citt\u00e0 Solidale sta nella metodologia del lavoro, improntata alla relazione affettiva e amichevole, al rispetto scrupoloso della dignit\u00e0 della persona, all&#8217;attenzione e all&#8217;amore con le quali ci si fa carico della sofferenza altrui e si soddisfano i bisogni e le attese delle cittadine e dei cittadini pi\u00f9 deboli presi in carico.<\/span><\/p>\n<p align=\"left\"><span style=\"font-size: 12pt; font-family: tahoma,arial,helvetica,sans-serif;\"><br \/>\n<img loading=\"lazy\" decoding=\"async\" class=\"size-full wp-image-5 alignright\" title=\"casfam2.jpg\" src=\"http:\/\/www.cittasolidale.net\/wp4\/wp-content\/uploads\/2008\/08\/casfam2.jpg\" alt=\"casfam2.jpg\" width=\"180\" height=\"136\" border=\"0\" \/>Citt\u00e0 Solidale<br \/>\nVia\u00a0A. Lamarina 75 -72022 Latiano (Br)<br \/>\nemail: citta_solidale@libero.it<br \/>\nwww.cittasolidalelatiano.it<br \/>\nwww.cittasolidale.net<\/span><\/p>\n","protected":false},"excerpt":{"rendered":"<p>Citt\u00e0 Solidale \u00e8 una cooperativa sociale che, ai sensi dell\u2019art.1 della Legge 381\/91, persegue l\u2019interesse generale della collettivit\u00e0 attraverso l&#8217;erogazione<\/p>\n","protected":false},"author":1,"featured_media":228,"parent":476,"menu_order":0,"comment_status":"closed","ping_status":"closed","template":"","meta":{"ngg_post_thumbnail":0,"jetpack_post_was_ever_published":false,"footnotes":""},"class_list":["post-281","page","type-page","status-publish","has-post-thumbnail","hentry","comments-off"],"jetpack_sharing_enabled":true,"jetpack_shortlink":"https:\/\/wp.me\/P9VBJY-4x","_links":{"self":[{"href":"https:\/\/www.cittasolidale.net\/wp4\/wp-json\/wp\/v2\/pages\/281","targetHints":{"allow":["GET"]}}],"collection":[{"href":"https:\/\/www.cittasolidale.net\/wp4\/wp-json\/wp\/v2\/pages"}],"about":[{"href":"https:\/\/www.cittasolidale.net\/wp4\/wp-json\/wp\/v2\/types\/page"}],"author":[{"embeddable":true,"href":"https:\/\/www.cittasolidale.net\/wp4\/wp-json\/wp\/v2\/users\/1"}],"replies":[{"embeddable":true,"href":"https:\/\/www.cittasolidale.net\/wp4\/wp-json\/wp\/v2\/comments?post=281"}],"version-history":[{"count":15,"href":"https:\/\/www.cittasolidale.net\/wp4\/wp-json\/wp\/v2\/pages\/281\/revisions"}],"predecessor-version":[{"id":1068,"href":"https:\/\/www.cittasolidale.net\/wp4\/wp-json\/wp\/v2\/pages\/281\/revisions\/1068"}],"up":[{"embeddable":true,"href":"https:\/\/www.cittasolidale.net\/wp4\/wp-json\/wp\/v2\/pages\/476"}],"wp:featuredmedia":[{"embeddable":true,"href":"https:\/\/www.cittasolidale.net\/wp4\/wp-json\/wp\/v2\/media\/228"}],"wp:attachment":[{"href":"https:\/\/www.cittasolidale.net\/wp4\/wp-json\/wp\/v2\/media?parent=281"}],"curies":[{"name":"wp","href":"https:\/\/api.w.org\/{rel}","templated":true}]}}